-14)/3)/((-10)/150). Suppose -2*w + 18 = -2*u, -u - 5 = -w + 4*u. What is the greatest common factor of f and w?
10
Let y(i) = i - 4. Let f be y(6). Let h(v) = v**3 - 5*v**2 - v - 12. Let c be h(6). What is the highest common factor of f and c?
2
Let b(j) = j**2 + 6*j + 7. Let i be b(-6). Suppose -6*c = -i*c + 14. What is the greatest common divisor of 21 and c?
7
Suppose 2*q = 4*q + 46. Let w = -11 - q. Suppose 5*h + 5*p = 520, -p + 0*p = -h + 112. Calculate the highest common divisor of h and w.
12
Let w = -105 + 125. What is the highest common divisor of 10 and w?
10
Let a(l) = -l**3 - l**2 + 7*l - 3. Let m be a(-6). Let i(b) = 2*b**2 + 45*b - 57. Let h be i(-24). What is the greatest common factor of m and h?
15
Suppose l + 30 - 150 = 3*x, 3*l - 5*x - 368 = 0. Calculate the greatest common factor of 21 and l.
21
Let x be (-18)/(-2) + (7 - 5). What is the greatest common factor of x and 77?
11
Suppose 31*i = 33*i - 28. What is the greatest common factor of i and 84?
14
Suppose 2*b = 26 - 6. Let p(w) = w**3 + 5*w**2 - 2*w + 1. Let v be p(-4). Calculate the greatest common factor of v and b.
5
Let j = 21 - 13. Let m = j + -3. Let z be (-1 - -2)/((-2)/(-10)). Calculate the highest common divisor of m and z.
5
Let x(n) = 2*n**2 + 6*n + 2. Let g be x(-4). Let h = 7 + -3. Calculate the highest common factor of g and h.
2
Let l = 36 + -21. Let z be 227/5 - (-4)/(-10). Calculate the highest common divisor of l and z.
15
Let j be (-213)/(-12) + (-2)/(-8). Let p = -19 + 25. What is the highest common divisor of j and p?
6
Let u(q) = -18 - 1 + 4*q + 3. Let n be u(14). Calculate the greatest common factor of n and 5.
5
Let v = 28 + -10. Let p be (-4)/10 + 54/10. Suppose y = -3 + p. What is the highest common factor of y and v?
2
Let j be (4 - 0) + 0/1. What is the highest common factor of j and 16?
4
Suppose 4*g - 18 = -2. Let m(v) = 13*v - 6. Let t be m(g). Calculate the highest common factor of t and 69.
23
Let k(v) = 2*v**2 - 6. Let d be k(-6). What is the greatest common factor of d and 6?
6
Suppose -4*y = -18 - 18. Suppose 21 = 4*t + y. Let q(d) = -d - 4. Let j be q(-7). Calculate the greatest common factor of t and j.
3
Let p = 85 - 84. What is the highest common divisor of 25 and p?
1
Suppose -3*q = -8*q + 85. What is the greatest common divisor of 153 and q?
17
Suppose 0 = -3*j - j. Suppose -2*d + 20 = 4*i, -4*d = i - 12 - j. Suppose i*n - 2*r = 66, -33 = 2*n - 3*n - 5*r. Calculate the highest common factor of 9 and n.
9
Suppose -5*f + 90 = -f - 2*q, 4*f - 5*q = 99. Let h be 2 + 1 + (1 - 0). Let c be 2/(-4) - (-30)/h. What is the greatest common divisor of c and f?
7
Let r(v) = v**3 - 4*v + 3. Let w be r(3). Let j(m) = 8*m + 6. Let b be j(15). What is the greatest common divisor of w and b?
18
Let v = 33 - 22. Suppose 17*p + 35 = 24*p. Let c = v - p. Calculate the greatest common factor of c and 24.
6
Let i(m) = m**2 + 5*m - 6. Let q be i(-6). Suppose 45 = -q*z + 5*z. Calculate the highest common divisor of 81 and z.
9
Let c be 39/12 - 3 - 354/(-24). Calculate the highest common divisor of c and 6.
3
Suppose 0 = x - 3 - 1. Suppose -f + 4*f = -3*a + 18, 0 = 5*f - 3*a - 14. Calculate the greatest common divisor of x and f.
4
Let m(j) = -j**3 - 11*j**2 - 10*j + 12. Let d be m(-10). What is the greatest common factor of d and 18?
6
Let d = -43 - -69. What is the highest common divisor of 65 and d?
13
Suppose h + 6 = 3*w + 4*h, -4*w + 5*h = -53. What is the greatest common factor of 77 and w?
7
Suppose -c + 23 = -87. What is the greatest common divisor of c and 44?
22
Suppose -5*x - 629 = 36. Let t = 245 + x. What is the highest common factor of 14 and t?
14
Let m be ((-4)/(-6))/(2/90). What is the greatest common divisor of 20 and m?
10
Let z(f) = -f**3 - 5*f**2 + 7*f + 8. Let a be z(-6). Let d(w) = 15*w - 1. Let y be d(1). What is the highest common divisor of a and y?
2
Suppose 4*a + q - 22 = -100, 4*a - 5*q + 90 = 0. Let n = 11 - a. Let z = n - -19. Calculate the greatest common factor of z and 5.
5
Let x be 38 + (-7)/(35/20). Calculate the highest common divisor of 272 and x.
34
Let r be 44*(4/(-14) + 145/140). What is the greatest common factor of 11 and r?
11
Suppose -4*b + 2*g = -201 - 145, -3*b = 5*g - 279. What is the highest common divisor of 22 and b?
22
Let l(t) = t**2 + 11*t - 12. Let w be l(9). What is the highest common factor of 21 and w?
21
Let v(n) = n**2 - 2*n - 3. Let q be v(-3). Suppose -3*y + 25 = -4*t - 27, -4*y + 2*t + 56 = 0. What is the greatest common factor of q and y?
12
Let y be (-2)/((-12)/(-9))*4. Let m be (-1273)/(-2) - (-3)/y. Suppose 0 = 5*t - m - 164. Calculate the highest common factor of t and 20.
20
Let m = -290 + 418. Calculate the highest common factor of m and 16.
16
Let u(z) = z**2 - 5*z + 10. Let x be u(7). Calculate the greatest common divisor of x and 8.
8
Suppose 15*q - 5 = 10*q. Calculate the highest common divisor of 1 and q.
1
Suppose h - 1 = 0, 5*h - 43 - 4 = -o. Calculate the greatest common factor of 378 and o.
42
Let m(s) = s**2 - 16*s - 6. Let o be m(17). What is the highest common factor of o and 77?
11
Suppose 2*a + 3*k + k - 42 = 0, a - 4*k = 21. What is the greatest common factor of 42 and a?
21
Suppose 5*d = 72 - 17. Suppose 5*y - 51 = 4. What is the highest common factor of d and y?
11
Let a = -5 + 2. Let u be 3 + 2/((-6)/a). Let z be (-2)/(-1) - (u - 5). Calculate the greatest common factor of z and 3.
3
Suppose 3*r + 6 = -0. Let p = -36 - -191. Let w be 1/r + p/2. What is the highest common factor of 7 and w?
7
Suppose -5*w = 4*y + 16, 2*y = -2 + 4. Let k = w + 11. Suppose 0 = 4*l + 20, 3*p + l + 61 = k*p. What is the highest common divisor of p and 70?
14
Suppose -l = -17 - 7. Calculate the highest common factor of 6 and l.
6
Let o be 4/(-14) - (-1292)/14. Suppose -3*z - z = 4*i - o, -2*i - 20 = -z. Calculate the highest common divisor of 154 and z.
22
Suppose 7 - 1 = 3*y. Suppose y = u - 8. Suppose -h = r - 8, -r - 1 = 1. What is the highest common divisor of h and u?
10
Let j be (-6)/(-9) - (-2)/(-3). Suppose j = -5*c - 0*c + 10. Let b be 1 - (-2)/(2/21). What is the highest common factor of c and b?
2
Let n(u) = 2*u**2 + 7*u + 5. Let q be n(-5). Let h(p) = -p**2 - 13*p - 34. Let s be h(-7). What is the greatest common factor of q and s?
4
Let c(x) = -x**2 - 8*x + 5. Let l be c(-7). Let t be ((-24)/7)/((-1)/7). Suppose 4*p - t = p. What is the highest common factor of l and p?
4
Suppose 0 = -5*h - 2 + 12. Let g be (h/(-4))/(2/(-12)). Let i = 24 + -12. Calculate the highest common divisor of i and g.
3
Let r = 351 - 342. Suppose -5*i + 2*i + n + 216 = 0, 5*n = 5*i - 360. What is the greatest common divisor of i and r?
9
Let z(c) = 4*c**2 - 8 + 3*c**2 + 9 - 4*c**2. Let r be z(-1). Calculate the greatest common factor of r and 32.
4
Let b(o) = -4*o - 9 + 18 + o. Let d be b(-7). Calculate the greatest common divisor of 75 and d.
15
Let i(m) = 5*m**3 - m**2. Let l be i(1). Suppose 2*q - l*q + 36 = 0. Let p = 12 + q. What is the highest common factor of p and 10?
10
Let c = 0 + 3. Suppose c*h - h - 120 = -2*f, f - 60 = -4*h. Suppose 5*o + 48 = 4*w + 3*o, 5*w + 4*o = 60. What is the greatest common divisor of w and f?
12
Suppose u = -2*u - 30. Let a(s) = -s**3 - 9*s**2 + 6*s - 12. Let m be a(u). What is the highest common factor of 42 and m?
14
Let p be 518/13 + (-1)/((-13)/2). Let l be (-4)/(24/(-10))*3. What is the highest common divisor of p and l?
5
Let m(k) = 3*k**3 + k**2. Let r be m(2). Suppose l - w = 2*w + 236, 5*l + w = 1116. Calculate the highest common divisor of l and r.
28
Suppose 2*m = 2*t + 46, 5*t + 3*m + 93 = -30. Let x = t + 38. What is the highest common divisor of 98 and x?
14
Let c = -3 - -11. Let o = 112 - 56. Calculate the greatest common divisor of c and o.
8
Suppose 0 = 3*a - 24 + 18. Calculate the highest common factor of a and 44.
2
Let s = 127 + -47. Suppose -3*z + s = -424. Let w(u) = -u**3 - 7*u**2 - 5*u - 11. Let b be w(-7). Calculate the highest common factor of z and b.
24
Suppose 2*l = -2*l + 48. Suppose -4*i + 35 = -13. What is the highest common factor of i and l?
12
Let q(c) = -29*c - 9. Let w be q(8). Let y = w - -349. Calculate the highest common factor of 12 and y.
12
Let j be 184/32 + (-6)/8. Calculate the highest common factor of 5 and j.
5
Le